 x and 1416?
24
Let y = 85 - 45. Suppose -d - 6 = -3*v + 5, 37 = -4*d + 5*v. Let z be y + (-4)/6*(5 + d). Calculate the greatest common factor of 6 and z.
6
Let c(k) = 45*k - 1. Let r be c(1). Let w = r + -41. Let j(t) = -t**2 + 6*t + 1. Let u be j(w). Calculate the greatest common divisor of 10 and u.
10
Let h(i) = -227*i**3 - 4 + 3 - 6*i + 4*i + 68*i**3. Let s be h(-1). Calculate the highest common divisor of 120 and s.
40
Suppose -2*l = -5*l + 1584. Suppose -4*i - m + 189 = 0, -2*i = 5*m - 9 - 72. What is the highest common divisor of l and i?
48
Suppose -5*b - 2*m - 140 = -259, -6*m - 43 = -b. Calculate the highest common factor of 1875 and b.
25
Suppose -4*p = -3*u - 19, -3*p - 2*p - 4*u = -16. Suppose 4*l - 32 = -p*l. Let c be 3/4*32/l. What is the greatest common divisor of 18 and c?
6
Let l(q) = 2*q - 8. Let d be l(6). Suppose -7*h + h + 12 = 0. Let u be h/(((-55)/90)/(-11)). Calculate the greatest common factor of u and d.
4
Suppose 5*j + 7*p - 2*p + 1550 = 0, 5*p = -25. Let w = -217 - j. What is the greatest common divisor of 22 and w?
22
Suppose -n - 6 = -5*y, -3*n + 69 - 22 = -2*y. Suppose -p + 127 = 2*k - 0*p, -3*k + 4*p = -185. Let j = k + 89. What is the greatest common divisor of n and j?
19
Let v = 90594 + -90573. Let w be (0 + 2/1)/(-1). Let x be 0 + (1 + -43)/w. Calculate the highest common factor of x and v.
21
Suppose -5 = -3*j + 25. Let d be (j/(-4))/(5/(-60)). Suppose 3*m + 30 = 5*m. Calculate the greatest common factor of m and d.
15
Suppose -6*z - 2016 = -69*z. Calculate the highest common divisor of 208 and z.
16
Let n = -13700 - -13704. Calculate the highest common factor of 3116 and n.
4
Let g be 30/9 - 2/(-3). Let v(x) = 3*x**2 + 35*x - 24*x - x**3 - 5*x**2 - g. Let n be v(-5). What is the highest common factor of 4 and n?
4
Suppose -60*c = -21*c - 8580. Let u(t) = t + 7. Let l(k) = 1. Let x(i) = 6*l(i) + u(i). Let s be x(7). Calculate the greatest common factor of s and c.
20
Let s be (-6)/(-4) - ((-414)/4)/9. Let y(g) = g**3 - 13*g**2 + 2*g - 12. Let t be y(s). Calculate the highest common divisor of t and 224.
14
Let p = 18759 + -18714. Calculate the highest common factor of 2169 and p.
9
Suppose 86 = 2*y - 3*s, -3*y + 71 = -2*s - 63. Let i = -1142 + 1326. Calculate the highest common factor of i and y.
46
Let d(g) = -g - 9. Suppose -y - 50 = 4*y. Let x be d(y). Let q = 1788 + -1783. What is the greatest common divisor of q and x?
1
Suppose -44*o + 4626 = -2766. Calculate the highest common divisor of 3864 and o.
168
Let f(t) = t**3 + 65*t**2 - 145*t - 633. Let q be f(-67). Calculate the greatest common divisor of 533 and q.
13
Let a = -27 - -105. Let w(i) = 5*i + 50. Let n be w(-10). Suppose n*h = 2*y + h - 48, -2*y + 3*h = -64. Calculate the highest common divisor of y and a.
26
Suppose 3*y - 2*b = 215, 2*b + 134 = 2*y + 3*b. Let h(w) = 7*w - 5. Let z be h(4). What is the highest common factor of y and z?
23
Suppose 866*l - 2820 = 879*l - 47124. Calculate the greatest common divisor of 912 and l.
48
Let k = 1663 + -1662. What is the greatest common divisor of k and 557?
1
Suppose 58*l = 61*l - 63. Suppose 8*v - 11*v + l = 0. Calculate the highest common divisor of v and 133.
7
Let b = 9 - 5. Let u(s) = 8 - 47*s + 152*s - 50*s + s**3 - 54*s - 3*s**2. Let d be u(b). Calculate the greatest common divisor of 7 and d.
7
Let h(i) = i**2 + 23*i + 25. Let x be h(-22). Suppose -n - 79 = -x*k, -5*k + 45 = 5*n - 60. What is the greatest common factor of k and 15?
5
Suppose 1533*z - 1456*z = 770. Calculate the greatest common divisor of z and 3660.
10
Let l(o) = 1 - 10*o + 9*o**2 + 3*o + 14*o**2 - 19*o**2. Let w be l(2). Let x be ((1 + 0)/(-4))/(w/(-516)). Calculate the greatest common divisor of x and 86.
43
Suppose 3*i - 5*u - 9 = -37, -3*u - 3 = 0. Let b(r) = -15*r - 137. Let l be b(i). What is the highest common factor of 7 and l?
7
Let z(f) = 170*f - 2862. Let t be z(24). What is the greatest common divisor of t and 168?
42
Suppose -47*v = 1036 - 3151. Let s be (-4)/18 - (5 - 2814/27). Calculate the greatest common divisor of s and v.
9
Suppose 31*i - 27*i + 12 = 0, 2436 = -3*l - 2*i. Let r = l + 826. What is the highest common factor of r and 200?
8
Let w(o) = 166*o - 9600. Let g be w(58). Calculate the greatest common divisor of g and 516.
4
Let c(p) be the first derivative of -p**4/4 - 11*p**3/3 - 2*p**2 + 10*p + 14. Let x be c(-10). Let g = -20 - x. Calculate the highest common factor of g and 45.
15
Suppose 298*j = -2*g + 301*j + 10903, 5*g - 27265 = 5*j. What is the highest common divisor of 32 and g?
16
Let s(q) = q**3 - 9*q**2 + 21*q - 2. Let k be s(6). Suppose 3*c + k = -c, -p + 3*c = -114. Calculate the greatest common factor of 255 and p.
51
Let p be 36/(-8) + 15/6. Let u be (p/25*-20)/((-1)/(-15)). Calculate the highest common factor of 312 and u.
24
Let y = -462 + 492. Let k = 6 - 4. Let j be (k - 16/3)*-45. What is the greatest common factor of y and j?
30
Let c = 23385 + -13590. Calculate the greatest common divisor of 15 and c.
15
Let v(q) = -q**2 - 21*q - 58. Let i be v(-9). Let j be 5*(-5)/i*(0 + -14). What is the highest common factor of j and 14?
7
Let b(m) = m**3 - 3*m**2 + 9*m - 11. Let g be b(5). Suppose r - 29 = 5*l, 2*r = r - 6*l + g. What is the greatest common factor of 48 and r?
6
Let h(y) = -y**2 - 8*y - 7. Let a be h(-6). Suppose -10 = a*n - 55. Suppose -n*w + 64 + 8 = 0. What is the greatest common divisor of w and 16?
8
Let n = 31 + -3. Let y(j) = 16*j - 6 + 15 + 7 + n*j. Let h be y(4). Calculate the highest common divisor of h and 24.
24
Suppose 3*s = 5*s - 40. Let n(d) = -6*d**2 + 19*d + 9 + 6*d - 29*d + d**3. Let k be n(7). Calculate the highest common divisor of k and s.
10
Let l = 2639 - 990. Calculate the highest common factor of l and 51.
17
Let s = -21 - -25. Let y = 304 + -296. Calculate the highest common factor of s and y.
4
Let k be 2 + -7 - (10 + -60). Suppose -k*h + 47*h - 12 = 0. What is the highest common factor of h and 78?
6
Suppose h - 2*g + 6*g = 4, 62 = 5*h - g. Let z be 1242/h + (-2)/(-4). Calculate the greatest common factor of 13 and z.
13
Let m(w) be the second derivative of -w**4/4 + 5*w**3/6 - 3*w**2 - 8*w. Let z be m(5). Let f = z + 199. What is the greatest common divisor of 13 and f?
13
Let m(w) = -w**2 - 97*w - 1572. Let u be m(-76). Calculate the highest common divisor of u and 1832.
8
Let d = -3129 - -3149. Let j be 4/(-8) + 5/2. Let a be 2/j + (3 - -4). Calculate the greatest common factor of a and d.
4
Suppose -c + 1 = 2*n - 0*n, -2*n - 26 = 4*c. Let y be (-3)/(-2)*(-42)/c. Suppose -315 = -12*b + y*b. What is the greatest common factor of b and 9?
9
Let d be (996/5)/((736/(-120))/(-46)). What is the highest common divisor of 72 and d?
18
Let g = 499 - 238. Let q be (-4)/18 + 8671/g. What is the highest common factor of 627 and q?
33
Let q = -3 + 8. Suppose -2*u = -1 - q. Let c(t) = t + 6. Let j be c(u). Calculate the greatest common factor of j and 9.
9
Let b(a) = -208*a - 3280. Let u be b(-31). Calculate the greatest common divisor of 2970 and u.
198
Suppose -f = -3*f - 5*u + 51, -2*f + 5*u + 21 = 0. Let x be (1296 + -882)/(-2 - -4). Calculate the greatest common divisor of f and x.
9
Suppose 0 = -i, 2*i + 70 = 11*y - 9*y. Calculate the highest common divisor of y and 175.
35
Suppose -2*u - 5*p + 1207 = -6*u, -4*u - 1217 = -3*p. Let t be (-264)/u - (-1122)/14. What is the greatest common divisor of t and 1539?
81
Let i = 162 + -240. Let n = i - -96. What is the greatest common divisor of 126 and n?
18
Let s = 145 + -247. Let n be ((-2)/2)/(1 - s/(-101)). Suppose -2*z + 219 = -n. What is the greatest common divisor of z and 16?
16
Let d be ((-78)/4)/((-12)/16). Suppose 1935 = 35*j - d*j. Calculate the greatest common factor of j and 5.
5
Let b = 22454 - 22375. Calculate the highest common factor of 474 and b.
79
Suppose -29*n = -3*b + 2947, b - 1029 = -0*b + 3*n. Calculate the highest common divisor of 110 and b.
10
Let q be (-4)/10 - (-143)/(-55). Let r be (10/6)/((-1)/q). Suppose 4*c = -2*x + 28, 6*x - 5*x - 5*c = 0. What is the highest common factor of x and r?
5
Suppose -65*l + 24 = -62*l. Let w be (52/5)/(l/20). Let j be (w + -28)/(1 + (-38)/36). Calculate the greatest common factor of 396 and j.
36
Let r = 1693 - 1066. Suppose 0*w = -11*w -